{"id":42634,"date":"2023-03-14T13:11:58","date_gmt":"2023-03-14T12:11:58","guid":{"rendered":"https:\/\/animo.eu\/machines-a-cafe-2\/"},"modified":"2024-01-11T11:35:08","modified_gmt":"2024-01-11T10:35:08","slug":"machines-a-cafe-a-conteneurs","status":"publish","type":"page","link":"https:\/\/animo.eu\/fr\/machines-a-cafe-a-conteneurs\/","title":{"rendered":"Machines \u00e0 caf\u00e9 a conteneurs"},"content":{"rendered":"\n<section  class=\"pane pane--white \">\n    <div class=\"container\">\n                    <div class=\"row justify-content-center mb-4\">\n                <div class=\"col-12\">\n                    <div class=\"pane__text\">\n                        <h2>Machines \u00e0 caf\u00e9 a conteneurs<\/h2>\n                    <\/div>\n                <\/div>\n            <\/div>\n        \n                                \n                            <div class=\"row row--equalized g-4 g-lg-3 g-xl-6\">\n                                            <div class=\"col-12 col-md-6 col-lg-3\">\n                            <div class=\"card card--product\">\n        <div class=\"card__image\">\n                    <img decoding=\"async\" width=\"550\" height=\"458\" src=\"https:\/\/animo.eu\/wp-content\/uploads\/2023\/08\/Combi-line-product-550x458.png\" class=\"image wp-post-image\" alt=\"\" loading=\"lazy\" srcset=\"https:\/\/animo.eu\/wp-content\/uploads\/2023\/08\/Combi-line-product-550x458.png 550w, https:\/\/animo.eu\/wp-content\/uploads\/2023\/08\/Combi-line-product-300x250.png 300w, https:\/\/animo.eu\/wp-content\/uploads\/2023\/08\/Combi-line-product-1024x852.png 1024w, https:\/\/animo.eu\/wp-content\/uploads\/2023\/08\/Combi-line-product-768x639.png 768w, https:\/\/animo.eu\/wp-content\/uploads\/2023\/08\/Combi-line-product-1536x1279.png 1536w, https:\/\/animo.eu\/wp-content\/uploads\/2023\/08\/Combi-line-product-70x58.png 70w, https:\/\/animo.eu\/wp-content\/uploads\/2023\/08\/Combi-line-product-800x666.png 800w, https:\/\/animo.eu\/wp-content\/uploads\/2023\/08\/Combi-line-product-120x100.png 120w, https:\/\/animo.eu\/wp-content\/uploads\/2023\/08\/Combi-line-product-150x125.png 150w, https:\/\/animo.eu\/wp-content\/uploads\/2023\/08\/Combi-line-product.png 1772w\" sizes=\"(max-width: 550px) 100vw, 550px\" \/>                <\/div>\n    <div class=\"card-body\">\n        <h3 class=\"card-title\">ComBi-line<\/h3>\n                    <p class=\"mb-0\">Les cafeti\u00e8res ComBi-line vous permettent de pr\u00e9parer facilement et rapidement de grandes quantit\u00e9s de caf\u00e9 filtre frais.<\/p>\n            <\/div>\n    <div class=\"card-footer\">\n        <span class=\"btn btn-outline-secondary\">\n            <span class=\"btn__text\">Plus d&rsquo;informations<\/span>\n            <svg class=\"icon icon--20 icon--arrow\">\n                <use xlink:href=\"https:\/\/animo.eu\/wp-content\/themes\/animo\/build\/img\/symbols.svg#arrow-right\"><\/use>\n            <\/svg>\n        <\/span>\n    <\/div>\n    <a class=\"stretched-link\" href=\"https:\/\/animo.eu\/fr\/machines-a-cafe-a-conteneurs\/combi-line\/\"><\/a>\n<\/div>\n                        <\/div>\n                                    <\/div>\n                                         <\/div>\n<\/section>\n\n\n\n<section  class=\"pane pane--white \">\n    <div class=\"container\">\n        <div class=\"row g-4 g-lg-8 g-xl-15 g-xxl-20 align-items-center flex-lg-row-reverse\">\n                            <div class=\"col-12 col-lg-6\">\n                    <div class=\"pane__text\">\n                        <h2>Caf\u00e9 pour toutes les industries<\/h2>\n<p>Les besoins en caf\u00e9 peuvent varier consid\u00e9rablement d&rsquo;une entreprise et d&rsquo;un secteur \u00e0 l&rsquo;autre. Certaines entreprises souhaitent que leurs employ\u00e9s, mais aussi leurs clients, puissent profiter d&rsquo;une tasse de caf\u00e9 frais. Pour de nombreuses industries, la qualit\u00e9 est le premier crit\u00e8re de s\u00e9lection, tandis que pour d&rsquo;autres entreprises, il est important de pouvoir pr\u00e9parer rapidement une grande quantit\u00e9 de caf\u00e9. C&rsquo;est pourquoi Animo propose diff\u00e9rentes machines \u00e0 caf\u00e9 qui peuvent r\u00e9pondre aux divers besoins de toutes les industries. Des bureaux, des h\u00f4tels, des supermarch\u00e9s, des cantines et des h\u00f4pitaux aux \u00e9tablissements d&rsquo;enseignement, en passant par les centres d&rsquo;entretien automobile et les th\u00e9\u00e2tres&#8230; et bien d&rsquo;autres encore.<\/p>\n                                                \n                    <\/div>\n                <\/div>\n                                <\/div>\n    <\/div>\n<\/section>\n","protected":false},"excerpt":{"rendered":"","protected":false},"author":1,"featured_media":11864,"parent":0,"menu_order":84,"comment_status":"closed","ping_status":"closed","template":"","meta":{"_acf_changed":false,"footnotes":""},"class_list":["post-42634","page","type-page","status-publish","has-post-thumbnail","hentry"],"acf":[],"yoast_head":"<!-- This site is optimized with the Yoast SEO plugin v25.5 - https:\/\/yoast.com\/wordpress\/plugins\/seo\/ -->\n<title>Machines \u00e0 caf\u00e9 a conteneurs -<\/title>\n<meta name=\"description\" content=\"Machines \u00e0 caf\u00e9 a conteneurs -\" \/>\n<meta name=\"robots\" content=\"index, follow, max-snippet:-1, max-image-preview:large, max-video-preview:-1\" \/>\n<link rel=\"canonical\" href=\"https:\/\/animo.eu\/fr\/machines-a-cafe-a-conteneurs\/\" \/>\n<meta property=\"og:locale\" content=\"fr_FR\" \/>\n<meta property=\"og:type\" content=\"article\" \/>\n<meta property=\"og:title\" content=\"Machines \u00e0 caf\u00e9 a conteneurs -\" \/>\n<meta property=\"og:description\" content=\"Machines \u00e0 caf\u00e9 a conteneurs -\" \/>\n<meta property=\"og:url\" content=\"https:\/\/animo.eu\/fr\/machines-a-cafe-a-conteneurs\/\" \/>\n<meta property=\"article:publisher\" content=\"https:\/\/www.facebook.com\/animobv\/\" \/>\n<meta property=\"article:modified_time\" content=\"2024-01-11T10:35:08+00:00\" \/>\n<meta property=\"og:image\" content=\"https:\/\/animo.eu\/wp-content\/uploads\/2023\/08\/CB-2X20W.png\" \/>\n\t<meta property=\"og:image:width\" content=\"1772\" \/>\n\t<meta property=\"og:image:height\" content=\"1475\" \/>\n\t<meta property=\"og:image:type\" content=\"image\/png\" \/>\n<meta name=\"twitter:card\" content=\"summary_large_image\" \/>\n<meta name=\"twitter:site\" content=\"@animokoffie\" \/>\n<meta name=\"twitter:label1\" content=\"Dur\u00e9e de lecture estim\u00e9e\" \/>\n\t<meta name=\"twitter:data1\" content=\"1 minute\" \/>\n<script type=\"application\/ld+json\" class=\"yoast-schema-graph\">{\"@context\":\"https:\/\/schema.org\",\"@graph\":[{\"@type\":\"WebPage\",\"@id\":\"https:\/\/animo.eu\/fr\/machines-a-cafe-a-conteneurs\/\",\"url\":\"https:\/\/animo.eu\/fr\/machines-a-cafe-a-conteneurs\/\",\"name\":\"Machines \u00e0 caf\u00e9 a conteneurs -\",\"isPartOf\":{\"@id\":\"https:\/\/animo.eu\/fr\/#website\"},\"primaryImageOfPage\":{\"@id\":\"https:\/\/animo.eu\/fr\/machines-a-cafe-a-conteneurs\/#primaryimage\"},\"image\":{\"@id\":\"https:\/\/animo.eu\/fr\/machines-a-cafe-a-conteneurs\/#primaryimage\"},\"thumbnailUrl\":\"https:\/\/animo.eu\/wp-content\/uploads\/2023\/08\/CB-2X20W.png\",\"datePublished\":\"2023-03-14T12:11:58+00:00\",\"dateModified\":\"2024-01-11T10:35:08+00:00\",\"description\":\"Machines \u00e0 caf\u00e9 a conteneurs -\",\"breadcrumb\":{\"@id\":\"https:\/\/animo.eu\/fr\/machines-a-cafe-a-conteneurs\/#breadcrumb\"},\"inLanguage\":\"fr-FR\",\"potentialAction\":[{\"@type\":\"ReadAction\",\"target\":[\"https:\/\/animo.eu\/fr\/machines-a-cafe-a-conteneurs\/\"]}]},{\"@type\":\"ImageObject\",\"inLanguage\":\"fr-FR\",\"@id\":\"https:\/\/animo.eu\/fr\/machines-a-cafe-a-conteneurs\/#primaryimage\",\"url\":\"https:\/\/animo.eu\/wp-content\/uploads\/2023\/08\/CB-2X20W.png\",\"contentUrl\":\"https:\/\/animo.eu\/wp-content\/uploads\/2023\/08\/CB-2X20W.png\",\"width\":1772,\"height\":1475},{\"@type\":\"BreadcrumbList\",\"@id\":\"https:\/\/animo.eu\/fr\/machines-a-cafe-a-conteneurs\/#breadcrumb\",\"itemListElement\":[{\"@type\":\"ListItem\",\"position\":1,\"name\":\"Home\",\"item\":\"https:\/\/animo.eu\/fr\/\"},{\"@type\":\"ListItem\",\"position\":2,\"name\":\"Machines \u00e0 caf\u00e9 a conteneurs\"}]},{\"@type\":\"WebSite\",\"@id\":\"https:\/\/animo.eu\/fr\/#website\",\"url\":\"https:\/\/animo.eu\/fr\/\",\"name\":\"\",\"description\":\"\",\"potentialAction\":[{\"@type\":\"SearchAction\",\"target\":{\"@type\":\"EntryPoint\",\"urlTemplate\":\"https:\/\/animo.eu\/fr\/?s={search_term_string}\"},\"query-input\":{\"@type\":\"PropertyValueSpecification\",\"valueRequired\":true,\"valueName\":\"search_term_string\"}}],\"inLanguage\":\"fr-FR\"}]}<\/script>\n<!-- \/ Yoast SEO plugin. -->","yoast_head_json":{"title":"Machines \u00e0 caf\u00e9 a conteneurs -","description":"Machines \u00e0 caf\u00e9 a conteneurs -","robots":{"index":"index","follow":"follow","max-snippet":"max-snippet:-1","max-image-preview":"max-image-preview:large","max-video-preview":"max-video-preview:-1"},"canonical":"https:\/\/animo.eu\/fr\/machines-a-cafe-a-conteneurs\/","og_locale":"fr_FR","og_type":"article","og_title":"Machines \u00e0 caf\u00e9 a conteneurs -","og_description":"Machines \u00e0 caf\u00e9 a conteneurs -","og_url":"https:\/\/animo.eu\/fr\/machines-a-cafe-a-conteneurs\/","article_publisher":"https:\/\/www.facebook.com\/animobv\/","article_modified_time":"2024-01-11T10:35:08+00:00","og_image":[{"width":1772,"height":1475,"url":"https:\/\/animo.eu\/wp-content\/uploads\/2023\/08\/CB-2X20W.png","type":"image\/png"}],"twitter_card":"summary_large_image","twitter_site":"@animokoffie","twitter_misc":{"Dur\u00e9e de lecture estim\u00e9e":"1 minute"},"schema":{"@context":"https:\/\/schema.org","@graph":[{"@type":"WebPage","@id":"https:\/\/animo.eu\/fr\/machines-a-cafe-a-conteneurs\/","url":"https:\/\/animo.eu\/fr\/machines-a-cafe-a-conteneurs\/","name":"Machines \u00e0 caf\u00e9 a conteneurs -","isPartOf":{"@id":"https:\/\/animo.eu\/fr\/#website"},"primaryImageOfPage":{"@id":"https:\/\/animo.eu\/fr\/machines-a-cafe-a-conteneurs\/#primaryimage"},"image":{"@id":"https:\/\/animo.eu\/fr\/machines-a-cafe-a-conteneurs\/#primaryimage"},"thumbnailUrl":"https:\/\/animo.eu\/wp-content\/uploads\/2023\/08\/CB-2X20W.png","datePublished":"2023-03-14T12:11:58+00:00","dateModified":"2024-01-11T10:35:08+00:00","description":"Machines \u00e0 caf\u00e9 a conteneurs -","breadcrumb":{"@id":"https:\/\/animo.eu\/fr\/machines-a-cafe-a-conteneurs\/#breadcrumb"},"inLanguage":"fr-FR","potentialAction":[{"@type":"ReadAction","target":["https:\/\/animo.eu\/fr\/machines-a-cafe-a-conteneurs\/"]}]},{"@type":"ImageObject","inLanguage":"fr-FR","@id":"https:\/\/animo.eu\/fr\/machines-a-cafe-a-conteneurs\/#primaryimage","url":"https:\/\/animo.eu\/wp-content\/uploads\/2023\/08\/CB-2X20W.png","contentUrl":"https:\/\/animo.eu\/wp-content\/uploads\/2023\/08\/CB-2X20W.png","width":1772,"height":1475},{"@type":"BreadcrumbList","@id":"https:\/\/animo.eu\/fr\/machines-a-cafe-a-conteneurs\/#breadcrumb","itemListElement":[{"@type":"ListItem","position":1,"name":"Home","item":"https:\/\/animo.eu\/fr\/"},{"@type":"ListItem","position":2,"name":"Machines \u00e0 caf\u00e9 a conteneurs"}]},{"@type":"WebSite","@id":"https:\/\/animo.eu\/fr\/#website","url":"https:\/\/animo.eu\/fr\/","name":"","description":"","potentialAction":[{"@type":"SearchAction","target":{"@type":"EntryPoint","urlTemplate":"https:\/\/animo.eu\/fr\/?s={search_term_string}"},"query-input":{"@type":"PropertyValueSpecification","valueRequired":true,"valueName":"search_term_string"}}],"inLanguage":"fr-FR"}]}},"_links":{"self":[{"href":"https:\/\/animo.eu\/fr\/wp-json\/wp\/v2\/pages\/42634"}],"collection":[{"href":"https:\/\/animo.eu\/fr\/wp-json\/wp\/v2\/pages"}],"about":[{"href":"https:\/\/animo.eu\/fr\/wp-json\/wp\/v2\/types\/page"}],"author":[{"embeddable":true,"href":"https:\/\/animo.eu\/fr\/wp-json\/wp\/v2\/users\/1"}],"replies":[{"embeddable":true,"href":"https:\/\/animo.eu\/fr\/wp-json\/wp\/v2\/comments?post=42634"}],"version-history":[{"count":4,"href":"https:\/\/animo.eu\/fr\/wp-json\/wp\/v2\/pages\/42634\/revisions"}],"predecessor-version":[{"id":44904,"href":"https:\/\/animo.eu\/fr\/wp-json\/wp\/v2\/pages\/42634\/revisions\/44904"}],"wp:featuredmedia":[{"embeddable":true,"href":"https:\/\/animo.eu\/fr\/wp-json\/wp\/v2\/media\/11864"}],"wp:attachment":[{"href":"https:\/\/animo.eu\/fr\/wp-json\/wp\/v2\/media?parent=42634"}],"curies":[{"name":"wp","href":"https:\/\/api.w.org\/{rel}","templated":true}]}}

Machines à café a conteneurs

<section  class="pane pane--white ">
    <div class="container">
                    <div class="row justify-content-center mb-4">
                <div class="col-12">
                    <div class="pane__text">
                        <h2>Machines à café a conteneurs</h2>
                    </div>
                </div>
            </div>
        
                                
                            <div class="row row--equalized g-4 g-lg-3 g-xl-6">
                                            <div class="col-12 col-md-6 col-lg-3">
                            <div class="card card--product">
        <div class="card__image">
                    <img decoding="async" width="550" height="458" src="https://animo.eu/wp-content/uploads/2023/08/Combi-line-product-550x458.png" class="image wp-post-image" alt="" loading="lazy" srcset="https://animo.eu/wp-content/uploads/2023/08/Combi-line-product-550x458.png 550w, https://animo.eu/wp-content/uploads/2023/08/Combi-line-product-300x250.png 300w, https://animo.eu/wp-content/uploads/2023/08/Combi-line-product-1024x852.png 1024w, https://animo.eu/wp-content/uploads/2023/08/Combi-line-product-768x639.png 768w, https://animo.eu/wp-content/uploads/2023/08/Combi-line-product-1536x1279.png 1536w, https://animo.eu/wp-content/uploads/2023/08/Combi-line-product-70x58.png 70w, https://animo.eu/wp-content/uploads/2023/08/Combi-line-product-800x666.png 800w, https://animo.eu/wp-content/uploads/2023/08/Combi-line-product-120x100.png 120w, https://animo.eu/wp-content/uploads/2023/08/Combi-line-product-150x125.png 150w, https://animo.eu/wp-content/uploads/2023/08/Combi-line-product.png 1772w" sizes="(max-width: 550px) 100vw, 550px" />                </div>
    <div class="card-body">
        <h3 class="card-title">ComBi-line</h3>
                    <p class="mb-0">Les cafetières ComBi-line vous permettent de préparer facilement et rapidement de grandes quantités de café filtre frais.</p>
            </div>
    <div class="card-footer">
        <span class="btn btn-outline-secondary">
            <span class="btn__text">Plus d&rsquo;informations</span>
            <svg class="icon icon--20 icon--arrow">
                <use xlink:href="https://animo.eu/wp-content/themes/animo/build/img/symbols.svg#arrow-right"></use>
            </svg>
        </span>
    </div>
    <a class="stretched-link" href="https://animo.eu/fr/machines-a-cafe-a-conteneurs/combi-line/"></a>
</div>
                        </div>
                                    </div>
                                         </div>
</section>



<section  class="pane pane--white ">
    <div class="container">
        <div class="row g-4 g-lg-8 g-xl-15 g-xxl-20 align-items-center flex-lg-row-reverse">
                            <div class="col-12 col-lg-6">
                    <div class="pane__text">
                        <h2>Café pour toutes les industries</h2>
<p>Les besoins en café peuvent varier considérablement d&rsquo;une entreprise et d&rsquo;un secteur à l&rsquo;autre. Certaines entreprises souhaitent que leurs employés, mais aussi leurs clients, puissent profiter d&rsquo;une tasse de café frais. Pour de nombreuses industries, la qualité est le premier critère de sélection, tandis que pour d&rsquo;autres entreprises, il est important de pouvoir préparer rapidement une grande quantité de café. C&rsquo;est pourquoi Animo propose différentes machines à café qui peuvent répondre aux divers besoins de toutes les industries. Des bureaux, des hôtels, des supermarchés, des cantines et des hôpitaux aux établissements d&rsquo;enseignement, en passant par les centres d&rsquo;entretien automobile et les théâtres&#8230; et bien d&rsquo;autres encore.</p>
                                                
                    </div>
                </div>
                                </div>
    </div>
</section>

<!-- This site is optimized with the Yoast SEO plugin v25.5 - https://yoast.com/wordpress/plugins/seo/ -->
<title>Machines à café a conteneurs -</title>
<meta name="description" content="Machines à café a conteneurs -" />
<meta name="robots" content="index, follow, max-snippet:-1, max-image-preview:large, max-video-preview:-1" />
<link rel="canonical" href="https://animo.eu/fr/machines-a-cafe-a-conteneurs/" />
<meta property="og:locale" content="fr_FR" />
<meta property="og:type" content="article" />
<meta property="og:title" content="Machines à café a conteneurs -" />
<meta property="og:description" content="Machines à café a conteneurs -" />
<meta property="og:url" content="https://animo.eu/fr/machines-a-cafe-a-conteneurs/" />
<meta property="article:publisher" content="https://www.facebook.com/animobv/" />
<meta property="article:modified_time" content="2024-01-11T10:35:08+00:00" />
<meta property="og:image" content="https://animo.eu/wp-content/uploads/2023/08/CB-2X20W.png" />
	<meta property="og:image:width" content="1772" />
	<meta property="og:image:height" content="1475" />
	<meta property="og:image:type" content="image/png" />
<meta name="twitter:card" content="summary_large_image" />
<meta name="twitter:site" content="@animokoffie" />
<meta name="twitter:label1" content="Durée de lecture estimée" />
	<meta name="twitter:data1" content="1 minute" />
<script type="application/ld+json" class="yoast-schema-graph">{"@context":"https://schema.org","@graph":[{"@type":"WebPage","@id":"https://animo.eu/fr/machines-a-cafe-a-conteneurs/","url":"https://animo.eu/fr/machines-a-cafe-a-conteneurs/","name":"Machines à café a conteneurs -","isPartOf":{"@id":"https://animo.eu/fr/#website"},"primaryImageOfPage":{"@id":"https://animo.eu/fr/machines-a-cafe-a-conteneurs/#primaryimage"},"image":{"@id":"https://animo.eu/fr/machines-a-cafe-a-conteneurs/#primaryimage"},"thumbnailUrl":"https://animo.eu/wp-content/uploads/2023/08/CB-2X20W.png","datePublished":"2023-03-14T12:11:58+00:00","dateModified":"2024-01-11T10:35:08+00:00","description":"Machines à café a conteneurs -","breadcrumb":{"@id":"https://animo.eu/fr/machines-a-cafe-a-conteneurs/#breadcrumb"},"inLanguage":"fr-FR","potentialAction":[{"@type":"ReadAction","target":["https://animo.eu/fr/machines-a-cafe-a-conteneurs/"]}]},{"@type":"ImageObject","inLanguage":"fr-FR","@id":"https://animo.eu/fr/machines-a-cafe-a-conteneurs/#primaryimage","url":"https://animo.eu/wp-content/uploads/2023/08/CB-2X20W.png","contentUrl":"https://animo.eu/wp-content/uploads/2023/08/CB-2X20W.png","width":1772,"height":1475},{"@type":"BreadcrumbList","@id":"https://animo.eu/fr/machines-a-cafe-a-conteneurs/#breadcrumb","itemListElement":[{"@type":"ListItem","position":1,"name":"Home","item":"https://animo.eu/fr/"},{"@type":"ListItem","position":2,"name":"Machines à café a conteneurs"}]},{"@type":"WebSite","@id":"https://animo.eu/fr/#website","url":"https://animo.eu/fr/","name":"","description":"","potentialAction":[{"@type":"SearchAction","target":{"@type":"EntryPoint","urlTemplate":"https://animo.eu/fr/?s={search_term_string}"},"query-input":{"@type":"PropertyValueSpecification","valueRequired":true,"valueName":"search_term_string"}}],"inLanguage":"fr-FR"}]}</script>
<!-- / Yoast SEO plugin. -->

Machines à café a conteneurs -
